{"id":2890,"date":"2025-11-12T00:00:03","date_gmt":"2025-11-12T00:00:03","guid":{"rendered":"https:\/\/elmensajedelasflores.com\/?page_id=2890"},"modified":"2025-11-12T12:40:22","modified_gmt":"2025-11-12T12:40:22","slug":"politica-de-cookies","status":"publish","type":"page","link":"https:\/\/elmensajedelasflores.com\/index.php\/politica-de-cookies\/","title":{"rendered":"Pol\u00edtica de Cookies"},"content":{"rendered":"<section class=\"l-section wpb_row height_medium\"><div class=\"l-section-h g-html i-cf\"><div class=\"g-cols offset_small\"><div class=\" full-width bg-secciones pd-2 redondeado\"><div class=\"wpb_text_column \"><div class=\"wpb_wrapper\">\n<\/p><h1 class=\"custom bolder bg-white pd-2\" style=\"text-align: center;\">POL\u00cdTICA DE COOKIES<\/h1>\n<div class=\"m-tb\">\n<h3 class=\"custom bolder\" style=\"text-align: justify;\">\u00bfQu\u00e9 son las cookies y para qu\u00e9 se utilizan?<\/h3>\n<p class=\"custom lectura\" style=\"text-align: justify;\">La palabra cookies es el t\u00e9rmino ingl\u00e9s que se utiliza para denominar peque\u00f1os ficheros de texto que se descargan en el navegador del equipo (ordenador, tel\u00e9fono m\u00f3vil, tablet, etc.) de un usuario al navegar en un sitio web, aplicaci\u00f3n o plataforma inform\u00e1tica.<\/p>\n<h3 class=\"custom bolder\" style=\"text-align: justify;\">Ventajas de las Cookies<\/h3>\n<p class=\"custom lectura\" style=\"text-align: justify;\">Las cookies aportan grandes ventajas en la prestaci\u00f3n de servicios de la sociedad de la informaci\u00f3n, ya que facilitan y agilizan la navegaci\u00f3n por internet y tambi\u00e9n nos ayudan a mejorar la calidad de los servicios que prestamos a nuestros usuarios. Las cookies, entre otras cosas, permiten almacenar y recuperar informaci\u00f3n sobre los h\u00e1bitos de navegaci\u00f3n de un usuario o de su equipo, lo que nos sirve para conocer qu\u00e9 p\u00e1ginas o utilidades de un sitio web, aplicaci\u00f3n o plataforma son m\u00e1s \u00fatiles y cu\u00e1les no, a efectos de mejorarlas y, dependiendo de la informaci\u00f3n que contengan y de la forma en que utilice su equipo, tambi\u00e9n pueden utilizarse para reconocer al usuario.<\/p>\n<h3 class=\"custom bolder\" style=\"text-align: justify;\">Opciones del Usuario de esta Web<\/h3>\n<h4 class=\"custom bolder\" style=\"text-align: justify;\">En caso de aceptaci\u00f3n<\/h4>\n<p class=\"custom lectura\" style=\"text-align: justify;\">Aceptar la instalaci\u00f3n de cookies pulsando el bot\u00f3n \u201caceptar\u201d que aparece en el aviso situado en la parte superior de este sitio web, relativo a la informaci\u00f3n y aceptaci\u00f3n de cookies. En este caso, el usuario no volver\u00e1 a visualizar el referido aviso, excepto en caso de modificaci\u00f3n de nuestra pol\u00edtica de cookies, o bien transcurrido 1 a\u00f1os desde su aceptaci\u00f3n, plazo en el cual volver\u00e1 aparecer nuevamente el referido aviso cuando navegue por este sitio web.<\/p>\n<h4 class=\"custom bolder\" style=\"text-align: justify;\">En caso de NO aceptaci\u00f3n<\/h4>\n<p class=\"custom lectura\" style=\"text-align: justify;\">No pulsar el bot\u00f3n \u201caceptar\u201d que aparece en el citado aviso de informaci\u00f3n y aceptaci\u00f3n de cookies y seguir navegando por nuestro sitio web. En este caso, se considera que ha aceptado la instalaci\u00f3n de cookies, pero a diferencia del supuesto anterior, cada vez que navegue por nuestro sitio web, continuar\u00e1 apareciendo el aviso de informaci\u00f3n y aceptaci\u00f3n de cookies.<\/p>\n<h4 class=\"custom bolder\" style=\"text-align: justify;\">Configuraci\u00f3n<\/h4>\n<p class=\"custom lectura\" style=\"text-align: justify;\">Configurar el navegador de su equipo, para restringir, bloquear o eliminar las cookies instaladas o impedir que se instalen.<\/p>\n<h3 class=\"custom bolder\" style=\"text-align: justify;\">\u00bfC\u00f3mo elimino las cookies?<\/h3>\n<p class=\"custom lectura\" style=\"text-align: justify;\">Los usuarios pueden restringir, bloquear o eliminar las cookies instaladas en su equipo mediante la configuraci\u00f3n de las opciones del navegador que tengan instalado en su equipo. En el caso de que no permita la instalaci\u00f3n de cookies en su navegador es posible que no pueda acceder a alguna de nuestras secciones o utilidades e incluso que no pueda navegar.<\/p>\n<p class=\"custom lectura\" style=\"text-align: justify;\">Para los siguientes navegadores, puede obtener informaci\u00f3n sobre como bloquear o eliminar el uso de cookies<\/p>\n<h4 class=\"custom\" style=\"text-align: center;\"><strong><a class=\"custom-link\" href=\"https:\/\/support.microsoft.com\/es-es\/windows\/eliminar-y-administrar-cookies-168dab11-0753-043d-7c16-ede5947fc64d\" target=\"_blank\" rel=\"noopener\">EXPLORER<\/a><\/strong><\/h4>\n<h4 class=\"custom\" style=\"text-align: center;\"><strong><a class=\"custom-link\" href=\"https:\/\/support.mozilla.org\/es\/kb\/cookies-informacion-que-los-sitios-web-guardan-en-\" target=\"_blank\" rel=\"noopener\">FIREFOX<\/a><\/strong><\/h4>\n<h4 class=\"custom\" style=\"text-align: center;\"><strong><a class=\"custom-link\" href=\"https:\/\/support.google.com\/chrome\/answer\/95647?hl=es.\" target=\"_blank\" rel=\"noopener\">CHROME<\/a><\/strong><\/h4>\n<h4 class=\"custom\" style=\"text-align: center;\"><strong><a class=\"custom-link\" href=\"https:\/\/help.opera.com\/en\/latest\/web-preferences\/#cookies\" target=\"_blank\" rel=\"noopener\">OPERA<\/a><\/strong><\/h4>\n<h4 class=\"custom\" style=\"text-align: center;\"><strong><a class=\"custom-link\" href=\"https:\/\/support.apple.com\/es-es\/HT201265\">SAFARI<\/a><\/strong><\/h4>\n<h3 class=\"custom bolder\" style=\"text-align: justify;\">Otros<\/h3>\n<p class=\"custom lectura\" style=\"text-align: justify;\">Adem\u00e1s de lo citado anteriormente el usuario tiene la posibilidad de visitar el resto de nuestra normativa legal en los siguientes links:<\/p>\n<\/div>\n<\/div> <\/div> <\/div><\/div><\/div><\/section><section class=\"l-section wpb_row height_medium bg-secciones pd-2\"><div class=\"l-section-h g-html i-cf\"><div class=\"g-cols offset_small\"><div class=\" one-third\"><div class=\"w-btn-wrapper align_center\"><a class=\"w-btn style_solid size_small color_primary icon_none\" href=\"https:\/\/elmensajedelasflores.com\/index.php\/politica-de-privacidad\/\" title=\"Pol\u00edtica de Privacidad\"><span class=\"w-btn-label\">Pol\u00edtica de Privacidad<\/span><\/a><\/div><\/div><div class=\" one-third\"><div class=\"w-btn-wrapper align_center\"><a class=\"w-btn style_solid size_small color_primary icon_none\" href=\"https:\/\/elmensajedelasflores.com\/index.php\/aviso-legal\/\" title=\"Aviso Legal\"><span class=\"w-btn-label\">Aviso Legal<\/span><\/a><\/div><\/div><div class=\" one-third\"><div class=\"w-btn-wrapper align_center\"><a class=\"w-btn style_solid size_small color_primary icon_none\" href=\"https:\/\/elmensajedelasflores.com\/index.php\/terminos-y-condiciones\/\" title=\"T\u00e9rminos y Condiciones\"><span class=\"w-btn-label\">T\u00e9rminos y Condiciones<\/span><\/a><\/div><\/div><\/div><\/div><\/section>\n","protected":false},"excerpt":{"rendered":"POL\u00cdTICA DE COOKIES \u00bfQu\u00e9 son las cookies y para qu\u00e9 se utilizan? La palabra cookies es el t\u00e9rmino ingl\u00e9s que se utiliza para denominar peque\u00f1os ficheros de texto que se descargan en el navegador del equipo (ordenador, tel\u00e9fono m\u00f3vil, tablet, etc.) de un usuario al navegar en un sitio web, aplicaci\u00f3n o plataforma inform\u00e1tica. Ventajas...","protected":false},"author":2,"featured_media":0,"parent":0,"menu_order":0,"comment_status":"closed","ping_status":"closed","template":"","meta":{"jetpack_post_was_ever_published":false,"footnotes":""},"class_list":["post-2890","page","type-page","status-publish","hentry"],"yoast_head":"<!-- This site is optimized with the Yoast SEO plugin v26.7 - https:\/\/yoast.com\/wordpress\/plugins\/seo\/ -->\n<title>Pol\u00edtica de Cookies - El Mensaje de las Flores<\/title>\n<meta name=\"description\" content=\"Consulta la Pol\u00edtica de Cookies de nuestra tienda de flores. Inf\u00f3rmate sobre env\u00edos, devoluciones, pagos y el uso de nuestros servicios.\" \/>\n<meta name=\"robots\" content=\"noindex, nofollow\" \/>\n<meta property=\"og:locale\" content=\"es_ES\" \/>\n<meta property=\"og:type\" content=\"article\" \/>\n<meta property=\"og:title\" content=\"Pol\u00edtica de Cookies - El Mensaje de las Flores\" \/>\n<meta property=\"og:description\" content=\"Consulta la Pol\u00edtica de Cookies de nuestra tienda de flores. Inf\u00f3rmate sobre env\u00edos, devoluciones, pagos y el uso de nuestros servicios.\" \/>\n<meta property=\"og:url\" content=\"https:\/\/elmensajedelasflores.com\/index.php\/politica-de-cookies\/\" \/>\n<meta property=\"og:site_name\" content=\"El Mensaje de las Flores\" \/>\n<meta property=\"article:publisher\" content=\"https:\/\/www.facebook.com\/ElMensajeDeLasFlores\/\" \/>\n<meta property=\"article:modified_time\" content=\"2025-11-12T12:40:22+00:00\" \/>\n<meta name=\"twitter:card\" content=\"summary_large_image\" \/>\n<meta name=\"twitter:label1\" content=\"Tiempo de lectura\" \/>\n\t<meta name=\"twitter:data1\" content=\"3 minutos\" \/>\n<script type=\"application\/ld+json\" class=\"yoast-schema-graph\">{\"@context\":\"https:\/\/schema.org\",\"@graph\":[{\"@type\":\"WebPage\",\"@id\":\"https:\/\/elmensajedelasflores.com\/index.php\/politica-de-cookies\/\",\"url\":\"https:\/\/elmensajedelasflores.com\/index.php\/politica-de-cookies\/\",\"name\":\"Pol\u00edtica de Cookies - El Mensaje de las Flores\",\"isPartOf\":{\"@id\":\"https:\/\/elmensajedelasflores.com\/#website\"},\"datePublished\":\"2025-11-12T00:00:03+00:00\",\"dateModified\":\"2025-11-12T12:40:22+00:00\",\"description\":\"Consulta la Pol\u00edtica de Cookies de nuestra tienda de flores. Inf\u00f3rmate sobre env\u00edos, devoluciones, pagos y el uso de nuestros servicios.\",\"breadcrumb\":{\"@id\":\"https:\/\/elmensajedelasflores.com\/index.php\/politica-de-cookies\/#breadcrumb\"},\"inLanguage\":\"es\",\"potentialAction\":[{\"@type\":\"ReadAction\",\"target\":[\"https:\/\/elmensajedelasflores.com\/index.php\/politica-de-cookies\/\"]}]},{\"@type\":\"BreadcrumbList\",\"@id\":\"https:\/\/elmensajedelasflores.com\/index.php\/politica-de-cookies\/#breadcrumb\",\"itemListElement\":[{\"@type\":\"ListItem\",\"position\":1,\"name\":\"Portada\",\"item\":\"https:\/\/elmensajedelasflores.com\/\"},{\"@type\":\"ListItem\",\"position\":2,\"name\":\"Pol\u00edtica de Cookies\"}]},{\"@type\":\"WebSite\",\"@id\":\"https:\/\/elmensajedelasflores.com\/#website\",\"url\":\"https:\/\/elmensajedelasflores.com\/\",\"name\":\"El Mensaje de las Flores\",\"description\":\"Florister\u00eda en M\u00f3stoles\",\"publisher\":{\"@id\":\"https:\/\/elmensajedelasflores.com\/#organization\"},\"potentialAction\":[{\"@type\":\"SearchAction\",\"target\":{\"@type\":\"EntryPoint\",\"urlTemplate\":\"https:\/\/elmensajedelasflores.com\/?s={search_term_string}\"},\"query-input\":{\"@type\":\"PropertyValueSpecification\",\"valueRequired\":true,\"valueName\":\"search_term_string\"}}],\"inLanguage\":\"es\"},{\"@type\":\"Organization\",\"@id\":\"https:\/\/elmensajedelasflores.com\/#organization\",\"name\":\"El mensaje de las flores\",\"url\":\"https:\/\/elmensajedelasflores.com\/\",\"logo\":{\"@type\":\"ImageObject\",\"inLanguage\":\"es\",\"@id\":\"https:\/\/elmensajedelasflores.com\/#\/schema\/logo\/image\/\",\"url\":\"https:\/\/elmensajedelasflores.com\/wp-content\/uploads\/2019\/07\/logo-e1740401392373.jpg\",\"contentUrl\":\"https:\/\/elmensajedelasflores.com\/wp-content\/uploads\/2019\/07\/logo-e1740401392373.jpg\",\"width\":367,\"height\":237,\"caption\":\"El mensaje de las flores\"},\"image\":{\"@id\":\"https:\/\/elmensajedelasflores.com\/#\/schema\/logo\/image\/\"},\"sameAs\":[\"https:\/\/www.facebook.com\/ElMensajeDeLasFlores\/\",\"https:\/\/www.instagram.com\/el_mensaje_de_las_flores\/\"]}]}<\/script>\n<!-- \/ Yoast SEO plugin. -->","yoast_head_json":{"title":"Pol\u00edtica de Cookies - El Mensaje de las Flores","description":"Consulta la Pol\u00edtica de Cookies de nuestra tienda de flores. Inf\u00f3rmate sobre env\u00edos, devoluciones, pagos y el uso de nuestros servicios.","robots":{"index":"noindex","follow":"nofollow"},"og_locale":"es_ES","og_type":"article","og_title":"Pol\u00edtica de Cookies - El Mensaje de las Flores","og_description":"Consulta la Pol\u00edtica de Cookies de nuestra tienda de flores. Inf\u00f3rmate sobre env\u00edos, devoluciones, pagos y el uso de nuestros servicios.","og_url":"https:\/\/elmensajedelasflores.com\/index.php\/politica-de-cookies\/","og_site_name":"El Mensaje de las Flores","article_publisher":"https:\/\/www.facebook.com\/ElMensajeDeLasFlores\/","article_modified_time":"2025-11-12T12:40:22+00:00","twitter_card":"summary_large_image","twitter_misc":{"Tiempo de lectura":"3 minutos"},"schema":{"@context":"https:\/\/schema.org","@graph":[{"@type":"WebPage","@id":"https:\/\/elmensajedelasflores.com\/index.php\/politica-de-cookies\/","url":"https:\/\/elmensajedelasflores.com\/index.php\/politica-de-cookies\/","name":"Pol\u00edtica de Cookies - El Mensaje de las Flores","isPartOf":{"@id":"https:\/\/elmensajedelasflores.com\/#website"},"datePublished":"2025-11-12T00:00:03+00:00","dateModified":"2025-11-12T12:40:22+00:00","description":"Consulta la Pol\u00edtica de Cookies de nuestra tienda de flores. Inf\u00f3rmate sobre env\u00edos, devoluciones, pagos y el uso de nuestros servicios.","breadcrumb":{"@id":"https:\/\/elmensajedelasflores.com\/index.php\/politica-de-cookies\/#breadcrumb"},"inLanguage":"es","potentialAction":[{"@type":"ReadAction","target":["https:\/\/elmensajedelasflores.com\/index.php\/politica-de-cookies\/"]}]},{"@type":"BreadcrumbList","@id":"https:\/\/elmensajedelasflores.com\/index.php\/politica-de-cookies\/#breadcrumb","itemListElement":[{"@type":"ListItem","position":1,"name":"Portada","item":"https:\/\/elmensajedelasflores.com\/"},{"@type":"ListItem","position":2,"name":"Pol\u00edtica de Cookies"}]},{"@type":"WebSite","@id":"https:\/\/elmensajedelasflores.com\/#website","url":"https:\/\/elmensajedelasflores.com\/","name":"El Mensaje de las Flores","description":"Florister\u00eda en M\u00f3stoles","publisher":{"@id":"https:\/\/elmensajedelasflores.com\/#organization"},"potentialAction":[{"@type":"SearchAction","target":{"@type":"EntryPoint","urlTemplate":"https:\/\/elmensajedelasflores.com\/?s={search_term_string}"},"query-input":{"@type":"PropertyValueSpecification","valueRequired":true,"valueName":"search_term_string"}}],"inLanguage":"es"},{"@type":"Organization","@id":"https:\/\/elmensajedelasflores.com\/#organization","name":"El mensaje de las flores","url":"https:\/\/elmensajedelasflores.com\/","logo":{"@type":"ImageObject","inLanguage":"es","@id":"https:\/\/elmensajedelasflores.com\/#\/schema\/logo\/image\/","url":"https:\/\/elmensajedelasflores.com\/wp-content\/uploads\/2019\/07\/logo-e1740401392373.jpg","contentUrl":"https:\/\/elmensajedelasflores.com\/wp-content\/uploads\/2019\/07\/logo-e1740401392373.jpg","width":367,"height":237,"caption":"El mensaje de las flores"},"image":{"@id":"https:\/\/elmensajedelasflores.com\/#\/schema\/logo\/image\/"},"sameAs":["https:\/\/www.facebook.com\/ElMensajeDeLasFlores\/","https:\/\/www.instagram.com\/el_mensaje_de_las_flores\/"]}]}},"jetpack_sharing_enabled":true,"jetpack_shortlink":"https:\/\/wp.me\/P9XC7n-KC","_links":{"self":[{"href":"https:\/\/elmensajedelasflores.com\/index.php\/wp-json\/wp\/v2\/pages\/2890","targetHints":{"allow":["GET"]}}],"collection":[{"href":"https:\/\/elmensajedelasflores.com\/index.php\/wp-json\/wp\/v2\/pages"}],"about":[{"href":"https:\/\/elmensajedelasflores.com\/index.php\/wp-json\/wp\/v2\/types\/page"}],"author":[{"embeddable":true,"href":"https:\/\/elmensajedelasflores.com\/index.php\/wp-json\/wp\/v2\/users\/2"}],"replies":[{"embeddable":true,"href":"https:\/\/elmensajedelasflores.com\/index.php\/wp-json\/wp\/v2\/comments?post=2890"}],"version-history":[{"count":7,"href":"https:\/\/elmensajedelasflores.com\/index.php\/wp-json\/wp\/v2\/pages\/2890\/revisions"}],"predecessor-version":[{"id":2899,"href":"https:\/\/elmensajedelasflores.com\/index.php\/wp-json\/wp\/v2\/pages\/2890\/revisions\/2899"}],"wp:attachment":[{"href":"https:\/\/elmensajedelasflores.com\/index.php\/wp-json\/wp\/v2\/media?parent=2890"}],"curies":[{"name":"wp","href":"https:\/\/api.w.org\/{rel}","templated":true}]}}