{"id":2600,"date":"2025-03-29T12:35:27","date_gmt":"2025-03-29T12:35:27","guid":{"rendered":"https:\/\/elmensajedelasflores.com\/?post_type=product&#038;p=2600"},"modified":"2025-06-14T16:54:45","modified_gmt":"2025-06-14T16:54:45","slug":"centro-preservado-copia","status":"publish","type":"product","link":"https:\/\/elmensajedelasflores.com\/index.php\/producto\/centro-preservado-copia\/","title":{"rendered":"Centro Preservado"},"content":{"rendered":"<p><strong>Gastos de env\u00edo no incluidos. IVA incluido.<\/strong><\/p>\n<p>Recogida en tienda disponible.<\/p>\n<p>El\u00a0<strong>importe<\/strong>\u00a0<strong>del pedido<\/strong> debe ser como\u00a0<strong>m\u00ednimo de 34,95 \u20ac<\/strong> para poder solicitar el <strong>env\u00edo a domicilio<\/strong>.<\/p>\n<p><strong>Gastos<\/strong>\u00a0<strong>de env\u00edo<\/strong>\u00a0correspondientes a las\u00a0<strong>zonas de reparto que cubrimos<\/strong>:<\/p>\n<ul>\n<li><strong>M\u00f3stoles: 7.99\u20ac<\/strong><\/li>\n<li><strong>Parque Coimbra: 12.99\u20ac<\/strong><\/li>\n<li><strong>Alcorc\u00f3n: 12.99\u20ac<\/strong><\/li>\n<li><strong>Fuenlabrada: 12.99\u20ac<\/strong><\/li>\n<li><strong>Villaviciosa de Od\u00f3n: 12.99\u20ac<\/strong><\/li>\n<li><strong>Arroyomolinos: 12.99\u20ac<\/strong><\/li>\n<li><strong>Getafe: 14.99\u20ac<\/strong><\/li>\n<li><strong>Legan\u00e9s: 14.99\u20ac<\/strong><\/li>\n<\/ul>\n\n\n<p><\/p>\n","protected":false},"excerpt":{"rendered":"<p>Preciosa rosa preservada, con durabilidad de hasta a\u00f1os, sin necesidad de cuidados, gracias a su tratamiento de liofilizaci\u00f3n, hace que se conserve junto con sus decoraciones manteniendo una armon\u00eda de colores ideales.<\/p>\n","protected":false},"featured_media":2292,"comment_status":"open","ping_status":"closed","template":"","meta":{"jetpack_post_was_ever_published":false,"jetpack_publicize_message":"","jetpack_publicize_feature_enabled":true,"jetpack_social_post_already_shared":true,"jetpack_social_options":{"image_generator_settings":{"template":"highway","default_image_id":0,"font":"","enabled":false},"version":2}},"product_brand":[],"product_cat":[65],"product_tag":[],"class_list":{"0":"post-2600","1":"product","2":"type-product","3":"status-publish","4":"has-post-thumbnail","6":"product_cat-flores-encantadas-preservados","8":"first","9":"instock","10":"taxable","11":"shipping-taxable","12":"purchasable","13":"product-type-variable"},"yoast_head":"<!-- This site is optimized with the Yoast SEO plugin v26.7 - https:\/\/yoast.com\/wordpress\/plugins\/seo\/ -->\n<title>Centro Preservado - Florister\u00eda El Mensaje de las Flores<\/title>\n<meta name=\"description\" content=\"Centro preservado: consulta nuestra gama de centros preservados para que te muestren toda su belleza durante m\u00e1s tiempo, incluso a\u00f1os.\" \/>\n<meta name=\"robots\" content=\"index, follow, max-snippet:-1, max-image-preview:large, max-video-preview:-1\" \/>\n<link rel=\"canonical\" href=\"https:\/\/elmensajedelasflores.com\/index.php\/producto\/centro-preservado-copia\/\" \/>\n<meta property=\"og:locale\" content=\"es_ES\" \/>\n<meta property=\"og:type\" content=\"article\" \/>\n<meta property=\"og:title\" content=\"Centro Preservado - Florister\u00eda El Mensaje de las Flores\" \/>\n<meta property=\"og:description\" content=\"Centro preservado: consulta nuestra gama de centros preservados para que te muestren toda su belleza durante m\u00e1s tiempo, incluso a\u00f1os.\" \/>\n<meta property=\"og:url\" content=\"https:\/\/elmensajedelasflores.com\/index.php\/producto\/centro-preservado-copia\/\" \/>\n<meta property=\"og:site_name\" content=\"El Mensaje de las Flores\" \/>\n<meta property=\"article:publisher\" content=\"https:\/\/www.facebook.com\/ElMensajeDeLasFlores\/\" \/>\n<meta property=\"article:modified_time\" content=\"2025-06-14T16:54:45+00:00\" \/>\n<meta property=\"og:image\" content=\"https:\/\/elmensajedelasflores.com\/wp-content\/uploads\/2025\/03\/2.2.3-Centro-Preservado-Morado-scaled.jpg\" \/>\n\t<meta property=\"og:image:width\" content=\"2560\" \/>\n\t<meta property=\"og:image:height\" content=\"2280\" \/>\n\t<meta property=\"og:image:type\" content=\"image\/jpeg\" \/>\n<meta name=\"twitter:card\" content=\"summary_large_image\" \/>\n<meta name=\"twitter:label1\" content=\"Tiempo de lectura\" \/>\n\t<meta name=\"twitter:data1\" content=\"1 minuto\" \/>\n<script type=\"application\/ld+json\" class=\"yoast-schema-graph\">{\"@context\":\"https:\/\/schema.org\",\"@graph\":[{\"@type\":\"WebPage\",\"@id\":\"https:\/\/elmensajedelasflores.com\/index.php\/producto\/centro-preservado-copia\/\",\"url\":\"https:\/\/elmensajedelasflores.com\/index.php\/producto\/centro-preservado-copia\/\",\"name\":\"Centro Preservado - Florister\u00eda El Mensaje de las Flores\",\"isPartOf\":{\"@id\":\"https:\/\/elmensajedelasflores.com\/#website\"},\"primaryImageOfPage\":{\"@id\":\"https:\/\/elmensajedelasflores.com\/index.php\/producto\/centro-preservado-copia\/#primaryimage\"},\"image\":{\"@id\":\"https:\/\/elmensajedelasflores.com\/index.php\/producto\/centro-preservado-copia\/#primaryimage\"},\"thumbnailUrl\":\"https:\/\/elmensajedelasflores.com\/wp-content\/uploads\/2025\/03\/2.2.3-Centro-Preservado-Morado-scaled.jpg\",\"datePublished\":\"2025-03-29T12:35:27+00:00\",\"dateModified\":\"2025-06-14T16:54:45+00:00\",\"description\":\"Centro preservado: consulta nuestra gama de centros preservados para que te muestren toda su belleza durante m\u00e1s tiempo, incluso a\u00f1os.\",\"breadcrumb\":{\"@id\":\"https:\/\/elmensajedelasflores.com\/index.php\/producto\/centro-preservado-copia\/#breadcrumb\"},\"inLanguage\":\"es\",\"potentialAction\":[{\"@type\":\"ReadAction\",\"target\":[\"https:\/\/elmensajedelasflores.com\/index.php\/producto\/centro-preservado-copia\/\"]}]},{\"@type\":\"ImageObject\",\"inLanguage\":\"es\",\"@id\":\"https:\/\/elmensajedelasflores.com\/index.php\/producto\/centro-preservado-copia\/#primaryimage\",\"url\":\"https:\/\/elmensajedelasflores.com\/wp-content\/uploads\/2025\/03\/2.2.3-Centro-Preservado-Morado-scaled.jpg\",\"contentUrl\":\"https:\/\/elmensajedelasflores.com\/wp-content\/uploads\/2025\/03\/2.2.3-Centro-Preservado-Morado-scaled.jpg\",\"width\":2560,\"height\":2280,\"caption\":\"img_centro_preservado_morado_223\"},{\"@type\":\"BreadcrumbList\",\"@id\":\"https:\/\/elmensajedelasflores.com\/index.php\/producto\/centro-preservado-copia\/#breadcrumb\",\"itemListElement\":[{\"@type\":\"ListItem\",\"position\":1,\"name\":\"Portada\",\"item\":\"https:\/\/elmensajedelasflores.com\/\"},{\"@type\":\"ListItem\",\"position\":2,\"name\":\"Tienda\",\"item\":\"https:\/\/elmensajedelasflores.com\/index.php\/tienda\/\"},{\"@type\":\"ListItem\",\"position\":3,\"name\":\"Centro Preservado\"}]},{\"@type\":\"WebSite\",\"@id\":\"https:\/\/elmensajedelasflores.com\/#website\",\"url\":\"https:\/\/elmensajedelasflores.com\/\",\"name\":\"El Mensaje de las Flores\",\"description\":\"Florister\u00eda en M\u00f3stoles\",\"publisher\":{\"@id\":\"https:\/\/elmensajedelasflores.com\/#organization\"},\"potentialAction\":[{\"@type\":\"SearchAction\",\"target\":{\"@type\":\"EntryPoint\",\"urlTemplate\":\"https:\/\/elmensajedelasflores.com\/?s={search_term_string}\"},\"query-input\":{\"@type\":\"PropertyValueSpecification\",\"valueRequired\":true,\"valueName\":\"search_term_string\"}}],\"inLanguage\":\"es\"},{\"@type\":\"Organization\",\"@id\":\"https:\/\/elmensajedelasflores.com\/#organization\",\"name\":\"El mensaje de las flores\",\"url\":\"https:\/\/elmensajedelasflores.com\/\",\"logo\":{\"@type\":\"ImageObject\",\"inLanguage\":\"es\",\"@id\":\"https:\/\/elmensajedelasflores.com\/#\/schema\/logo\/image\/\",\"url\":\"https:\/\/elmensajedelasflores.com\/wp-content\/uploads\/2019\/07\/logo-e1740401392373.jpg\",\"contentUrl\":\"https:\/\/elmensajedelasflores.com\/wp-content\/uploads\/2019\/07\/logo-e1740401392373.jpg\",\"width\":367,\"height\":237,\"caption\":\"El mensaje de las flores\"},\"image\":{\"@id\":\"https:\/\/elmensajedelasflores.com\/#\/schema\/logo\/image\/\"},\"sameAs\":[\"https:\/\/www.facebook.com\/ElMensajeDeLasFlores\/\",\"https:\/\/www.instagram.com\/el_mensaje_de_las_flores\/\"]}]}<\/script>\n<!-- \/ Yoast SEO plugin. -->","yoast_head_json":{"title":"Centro Preservado - Florister\u00eda El Mensaje de las Flores","description":"Centro preservado: consulta nuestra gama de centros preservados para que te muestren toda su belleza durante m\u00e1s tiempo, incluso a\u00f1os.","robots":{"index":"index","follow":"follow","max-snippet":"max-snippet:-1","max-image-preview":"max-image-preview:large","max-video-preview":"max-video-preview:-1"},"canonical":"https:\/\/elmensajedelasflores.com\/index.php\/producto\/centro-preservado-copia\/","og_locale":"es_ES","og_type":"article","og_title":"Centro Preservado - Florister\u00eda El Mensaje de las Flores","og_description":"Centro preservado: consulta nuestra gama de centros preservados para que te muestren toda su belleza durante m\u00e1s tiempo, incluso a\u00f1os.","og_url":"https:\/\/elmensajedelasflores.com\/index.php\/producto\/centro-preservado-copia\/","og_site_name":"El Mensaje de las Flores","article_publisher":"https:\/\/www.facebook.com\/ElMensajeDeLasFlores\/","article_modified_time":"2025-06-14T16:54:45+00:00","og_image":[{"width":2560,"height":2280,"url":"https:\/\/elmensajedelasflores.com\/wp-content\/uploads\/2025\/03\/2.2.3-Centro-Preservado-Morado-scaled.jpg","type":"image\/jpeg"}],"twitter_card":"summary_large_image","twitter_misc":{"Tiempo de lectura":"1 minuto"},"schema":{"@context":"https:\/\/schema.org","@graph":[{"@type":"WebPage","@id":"https:\/\/elmensajedelasflores.com\/index.php\/producto\/centro-preservado-copia\/","url":"https:\/\/elmensajedelasflores.com\/index.php\/producto\/centro-preservado-copia\/","name":"Centro Preservado - Florister\u00eda El Mensaje de las Flores","isPartOf":{"@id":"https:\/\/elmensajedelasflores.com\/#website"},"primaryImageOfPage":{"@id":"https:\/\/elmensajedelasflores.com\/index.php\/producto\/centro-preservado-copia\/#primaryimage"},"image":{"@id":"https:\/\/elmensajedelasflores.com\/index.php\/producto\/centro-preservado-copia\/#primaryimage"},"thumbnailUrl":"https:\/\/elmensajedelasflores.com\/wp-content\/uploads\/2025\/03\/2.2.3-Centro-Preservado-Morado-scaled.jpg","datePublished":"2025-03-29T12:35:27+00:00","dateModified":"2025-06-14T16:54:45+00:00","description":"Centro preservado: consulta nuestra gama de centros preservados para que te muestren toda su belleza durante m\u00e1s tiempo, incluso a\u00f1os.","breadcrumb":{"@id":"https:\/\/elmensajedelasflores.com\/index.php\/producto\/centro-preservado-copia\/#breadcrumb"},"inLanguage":"es","potentialAction":[{"@type":"ReadAction","target":["https:\/\/elmensajedelasflores.com\/index.php\/producto\/centro-preservado-copia\/"]}]},{"@type":"ImageObject","inLanguage":"es","@id":"https:\/\/elmensajedelasflores.com\/index.php\/producto\/centro-preservado-copia\/#primaryimage","url":"https:\/\/elmensajedelasflores.com\/wp-content\/uploads\/2025\/03\/2.2.3-Centro-Preservado-Morado-scaled.jpg","contentUrl":"https:\/\/elmensajedelasflores.com\/wp-content\/uploads\/2025\/03\/2.2.3-Centro-Preservado-Morado-scaled.jpg","width":2560,"height":2280,"caption":"img_centro_preservado_morado_223"},{"@type":"BreadcrumbList","@id":"https:\/\/elmensajedelasflores.com\/index.php\/producto\/centro-preservado-copia\/#breadcrumb","itemListElement":[{"@type":"ListItem","position":1,"name":"Portada","item":"https:\/\/elmensajedelasflores.com\/"},{"@type":"ListItem","position":2,"name":"Tienda","item":"https:\/\/elmensajedelasflores.com\/index.php\/tienda\/"},{"@type":"ListItem","position":3,"name":"Centro Preservado"}]},{"@type":"WebSite","@id":"https:\/\/elmensajedelasflores.com\/#website","url":"https:\/\/elmensajedelasflores.com\/","name":"El Mensaje de las Flores","description":"Florister\u00eda en M\u00f3stoles","publisher":{"@id":"https:\/\/elmensajedelasflores.com\/#organization"},"potentialAction":[{"@type":"SearchAction","target":{"@type":"EntryPoint","urlTemplate":"https:\/\/elmensajedelasflores.com\/?s={search_term_string}"},"query-input":{"@type":"PropertyValueSpecification","valueRequired":true,"valueName":"search_term_string"}}],"inLanguage":"es"},{"@type":"Organization","@id":"https:\/\/elmensajedelasflores.com\/#organization","name":"El mensaje de las flores","url":"https:\/\/elmensajedelasflores.com\/","logo":{"@type":"ImageObject","inLanguage":"es","@id":"https:\/\/elmensajedelasflores.com\/#\/schema\/logo\/image\/","url":"https:\/\/elmensajedelasflores.com\/wp-content\/uploads\/2019\/07\/logo-e1740401392373.jpg","contentUrl":"https:\/\/elmensajedelasflores.com\/wp-content\/uploads\/2019\/07\/logo-e1740401392373.jpg","width":367,"height":237,"caption":"El mensaje de las flores"},"image":{"@id":"https:\/\/elmensajedelasflores.com\/#\/schema\/logo\/image\/"},"sameAs":["https:\/\/www.facebook.com\/ElMensajeDeLasFlores\/","https:\/\/www.instagram.com\/el_mensaje_de_las_flores\/"]}]}},"jetpack_publicize_connections":[],"jetpack_sharing_enabled":true,"_links":{"self":[{"href":"https:\/\/elmensajedelasflores.com\/index.php\/wp-json\/wp\/v2\/product\/2600","targetHints":{"allow":["GET"]}}],"collection":[{"href":"https:\/\/elmensajedelasflores.com\/index.php\/wp-json\/wp\/v2\/product"}],"about":[{"href":"https:\/\/elmensajedelasflores.com\/index.php\/wp-json\/wp\/v2\/types\/product"}],"replies":[{"embeddable":true,"href":"https:\/\/elmensajedelasflores.com\/index.php\/wp-json\/wp\/v2\/comments?post=2600"}],"wp:featuredmedia":[{"embeddable":true,"href":"https:\/\/elmensajedelasflores.com\/index.php\/wp-json\/wp\/v2\/media\/2292"}],"wp:attachment":[{"href":"https:\/\/elmensajedelasflores.com\/index.php\/wp-json\/wp\/v2\/media?parent=2600"}],"wp:term":[{"taxonomy":"product_brand","embeddable":true,"href":"https:\/\/elmensajedelasflores.com\/index.php\/wp-json\/wp\/v2\/product_brand?post=2600"},{"taxonomy":"product_cat","embeddable":true,"href":"https:\/\/elmensajedelasflores.com\/index.php\/wp-json\/wp\/v2\/product_cat?post=2600"},{"taxonomy":"product_tag","embeddable":true,"href":"https:\/\/elmensajedelasflores.com\/index.php\/wp-json\/wp\/v2\/product_tag?post=2600"}],"curies":[{"name":"wp","href":"https:\/\/api.w.org\/{rel}","templated":true}]}}